s of l?
757
Let l(s) be the second derivative of 7*s**5/60 - 5*s**4/6 + 2*s**3/3 - 14*s. Let t(z) be the second derivative of l(z). What are the prime factors of t(7)?
2, 3, 13
Let b(v) = v**3 - 45*v**2 - 54*v - 89. List the prime factors of b(49).
6869
Let l = 13 - 8. Suppose l*m - 4 = 6*m. Let j = m + 103. What are the prime factors of j?
3, 11
Suppose b - 4 = 0, -u + 7536 + 7099 = -4*b. What are the prime factors of u?
7, 13, 23
Suppose -112 = -2*j + 60. Let z = -6929 + 6982. Let b = j - z. What are the prime factors of b?
3, 11
Suppose 0 = -10*n - 8030 - 5070. Let r = 1876 + n. List the prime factors of r.
2, 283
Let v be 1 - (-6 - (-3 + 8)). What are the prime factors of 3*v*(-38 + 49)?
2, 3, 11
Suppose -s - 3*v + 2834 = 0, -2*v = -2*s - 4*v + 5652. List the prime factors of s.
2, 17, 83
Suppose 2*d = 4*a - 24730, 3*a + d = a + 12363. Suppose 40*c - 29*c - a = 0. List the prime factors of c.
2, 281
Let t = 204325 + -143751. List the prime factors of t.
2, 31, 977
Let y be (1 - 1688/(-28)) + (-2)/7. Suppose 0 = -2*t + y - 57. Suppose u + 271 = 5*p + 2*u, 5*u + 130 = t*p. List the prime factors of p.
5, 11
Suppose -3*g = -o + 17, 3*o - 5*g - 39 = -4. Suppose o*p - 1448 = 1367. What are the prime factors of p?
563
Suppose 4*l + t + 4*t = 223, -4*l + 273 = -5*t. Suppose 0 = -3*y + l + 151. Suppose y*r = 66*r + 755. List the prime factors of r.
151
Suppose -x + 0*b = 5*b - 15, 4*b = 8. Suppose 4*j - 1794 = x*n + 68, 1124 = -3*n - j. Let s = n + 526. List the prime factors of s.
2, 19
Let t(c) = c + 8. Let v be t(-6). Suppose -v*w - 69 = -w + h, -5*h = -4*w - 240. Let g = w - -117. What are the prime factors of g?
2, 13
Suppose 212*p + 6 = 214*p, 2*o + 2*p - 6 = 0. Suppose o = b + 217 - 1517. List the prime factors of b.
2, 5, 13
Let u be (-818)/(-10) + 4/(-2 + 22). List the prime factors of -14*11/22*u/(-2).
7, 41
Let t(d) = -d**3 + 8*d**2 + 4*d - 26. Let p be t(8). What are the prime factors of (p/2)/(1*9/168)?
2, 7
Let m(q) = 47*q**2 + 55*q - 487. What are the prime factors of m(9)?
5, 7, 109
Let d(k) = 2*k**3 + 16*k**2 - 11*k - 13. Let r be d(-7). Suppose 0 = -g + 552 - r. What are the prime factors of g?
2, 3, 5, 13
Let l(m) = 7*m**2 - 242*m - 74. List the prime factors of l(-29).
3, 7, 13, 47
Let p be (868/10)/((-35)/(-175)). Suppose 12576 = -422*o + p*o. List the prime factors of o.
2, 131
Suppose -3*s + 2*v = 733 + 703, 2*s + 5*v + 932 = 0. Let j = -44 - s. List the prime factors of j.
2, 3
Let p = -22 + 1614. What are the prime factors of p?
2, 199
Let i = 119 + -118. What are the prime factors of (-147771)/(-243) - i/9?
2, 19
Let l(a) be the third derivative of a**5/30 - 2*a**4/3 - 23*a**3/6 - 64*a**2 - 2*a. List the prime factors of l(-9).
283
Let r(v) = -v**3 - 7*v**2 + 6*v + 9. Suppose -1 - 19 = g + 4*w, 4*g - 3*w + 42 = 0. List the prime factors of r(g).
3, 73
Let m(w) = 4*w**2 + 46*w + 3. Let z(g) = -7*g**2 - 94*g - 5. Let u(o) = 5*m(o) + 3*z(o). What are the prime factors of u(-26)?
2, 13
Let o be 22/6 + 10/(-15). Let m = 172 - 165. Let g = o + m. List the prime factors of g.
2, 5
Suppose 2*x + 26 = 6*x - 2*l, -x - 2*l = 6. Suppose x*n + 4 = -8, -5*a - 4*n = 12. Suppose a = 7*w - w - 576. What are the prime factors of w?
2, 3
What are the prime factors of (-64800)/(-192)*(3 + -1)?
3, 5
Let b be ((-5)/15 - -3)*78. Suppose -5*o - 3*o + b = 0. Suppose 32*r - 30*r = o. What are the prime factors of r?
13
Suppose -286*i + 147*i - 7196 = -146*i. What are the prime factors of i?
2, 257
Suppose 5*c - 2373 = -2*n, c + 4*c + 5915 = 5*n. List the prime factors of n.
2, 37
Suppose 1517*v = 1531*v - 80318. What are the prime factors of v?
5737
Let l be (-422)/6 + 3/9. Let y(u) = -310*u - 1132. Let j be y(-4). Let z = l + j. What are the prime factors of z?
2, 19
Let g(r) = 17*r**2 + 322*r + 12. List the prime factors of g(-32).
2, 3, 593
Let c(f) be the second derivative of f**4/2 + 2*f**3 - 7*f**2/2 - 33*f. List the prime factors of c(-6).
137
Let u be (8844/(-24))/(1/(-2)). Suppose -p - 5 = -2*o, p + 5*o - 2*o = 15. Suppose -u = -2*h - p*h + 3*r, 2*h = -r + 286. List the prime factors of h.
5, 29
Let g = -257 - -270. Suppose -2851 = -g*t - 394. What are the prime factors of t?
3, 7
Let r = -126 - -126. Suppose r = -4*g + 1235 + 417. What are the prime factors of g?
7, 59
Suppose i = -33 + 31. Let b be (2 - 2) + 5 - 1 - i. List the prime factors of b/(-10) - 57/15*-17.
2
Suppose -1 - 7 = 2*p. Let s be 14 + (2 - 6)/p. List the prime factors of 1374/s - ((-65)/(-25) + -3).
2, 23
Suppose -5*d = -29 + 9. Let s(p) = d*p**2 + 24*p - 5*p**2 - 8*p - 31. List the prime factors of s(12).
17
Suppose 5 - 3 = -d, -d = -y + 7. Let r(l) = 82*l + 4. What are the prime factors of r(y)?
2, 3, 23
Let v(c) = -155*c + 3462. What are the prime factors of v(-79)?
113, 139
List the prime factors of (4*(-2 - -3) - -104)/((-6)/(-18)).
2, 3
Let f(b) = 2*b + 86. Let p(y) = -2*y - 85. Let l(u) = 5*f(u) + 4*p(u). What are the prime factors of l(-18)?
2, 3
Let h(d) = d**2 - 17*d + 1059. Let n = 239 - 239. What are the prime factors of h(n)?
3, 353
Suppose 7*l = 14*l - 147. Let b = -16 + l. Suppose b*w - 11 = 39. What are the prime factors of w?
2, 5
Suppose -6*z = -3*z - 6. Let d(t) = -3*t + 1. Let q be d(z). List the prime factors of (41/q)/(((-6)/(-15))/(-2)).
41
Suppose p = -2 + 5. Let f(u) be the second derivative of 8*u**3 - 3*u**2/2 + 11*u + 59. List the prime factors of f(p).
3, 47
Suppose 1968538 + 3469581 = 298*d - 3523933. List the prime factors of d.
2, 11, 1367
Suppose 8428 = 2*n + 8*b, 4232 = 7*n - 6*n - 2*b. List the prime factors of n.
2, 2113
Suppose 2*u + 4440 = 2*m, -5*m - 10*u + 11140 = -5*u. Suppose -6*f = -m + 538. List the prime factors of f.
281
Let y(s) = -35*s - 1. Let w be y(1). Let f = -33 - w. Suppose -f*k - 60 + 330 = 0. List the prime factors of k.
2, 3, 5
Suppose -14*g + 10*g + 220 = 0. Suppose 11*k + 0 = g. What are the prime factors of (-3 + k/2)/1*-242?
11
Let m(c) be the third derivative of c**4/24 + 4*c**3/3 + 566*c**2. Suppose -4*w + 22 + 6 = 0. What are the prime factors of m(w)?
3, 5
Let i(w) = 738*w**2 - 23*w + 16. What are the prime factors of i(2)?
2, 3, 487
Let p(r) = -r**3 - 4*r**2 + 3*r + 60. Suppose 10*h - 54 = -154. List the prime factors of p(h).
2, 3, 5, 7
Let t(h) = 156*h + 2. Let k be t(-4). Let j = k + 949. List the prime factors of j.
3, 109
List the prime factors of 3 - (192/(-12) + -21365).
2, 3, 11
Let m = 49 - 45. Let z(d) = -d**3 + 6*d**2 - 6*d - 5. Let h be z(m). Suppose 0 = h*v - 4*f - 52 - 240, 0 = -4*f + 8. What are the prime factors of v?
2, 5
Let y be 842/18 + 16/72. Suppose -3*x + 67 - 355 = 0. Let f = y - x. List the prime factors of f.
11, 13
Suppose -4*y = 3*n - 89, -3*y + 3*n + 51 = -42. Suppose -y*q + 4823 = -5317. List the prime factors of q.
2, 3, 5, 13
Let x be (-102)/170*10/(-4)*-2. Let f = 0 - 5. List the prime factors of f - x - (-101 + -1).
2, 5
Let r(c) = -3*c**2 - 305*c + 363. What are the prime factors of r(-91)?
5, 131
Let y(p) = 94*p**2 + 24*p - 3. Let r be y(-3). Suppose 2*v + 388 = b, -2*b = -v + 2*v - r. What are the prime factors of b?
2, 193
Suppose -11*i - 791760 = -59*i. List the prime factors of i.
5, 3299
Let t be (12/(-8))/(3*(-1)/116). Suppose 15*m = -13 + t. What are the prime factors of m?
3
Let j be (-5 - (-65)/15)/((-2)/54). Suppose j*y = 2714 + 7762. What are the prime factors of y?
2, 3, 97
Suppose -275*r + 834950 = -972207 - 3887818. List the prime factors of r.
3, 13, 59
Suppose 2*i - 22 = -a, 4*i = -0*i - 3*a + 46. Suppose -i*x - 5047 = -17*x. Suppose 13 = -4*d + x. List the prime factors of d.
3, 59
Suppose 87997 - 21442 = 29*q. What are the prime factors of (-6)/(-3)*q/34?
3, 5
Let w(m) = 5*m**2 - m + 1. Let k be w(1). Let z(v) = -74*v - 2*v**3 + k + 0 - v**2 + 77*v. List the prime factors of z(-3).
41
Suppose 7*s - 4*s = 5*g - 48, 4*s = -3*g + 52. Suppose -1372 = g*c - 5704. What are the prime factors of c?
19
List the prime factors of 1 + 6231 + 0 - (10 - 5).
13, 479
Suppose -19*b = -14*b. Suppose 14*t + 22*t - 216 = b. What are the prime factors of t?
2, 3
Let z be -2 - ((-6 - -9) + 130). List the prime factors of (z/2)/(903/70 + -13).
3, 5
Let a be ((-2)/(-4))/((-1 + 0)/(-2)). Let c be (0 + a)/((25/35)/(-5)). What are the prime factors of (c + 274/4)*(3 - 1)?
